 of 2130 and 34239892.
142
Calculate the highest common factor of 1512 and 346327704.
216
What is the greatest common divisor of 28226717 and 1149?
383
What is the greatest common divisor of 480 and 65543136?
96
What is the highest common factor of 310 and 1246250?
10
What is the highest common divisor of 29044024 and 123318?
1054
Calculate the highest common factor of 3093537 and 22197.
453
Calculate the highest common divisor of 36731 and 60812.
23
Calculate the greatest common divisor of 11947395 and 75.
15
What is the highest common factor of 133768 and 23000?
184
What is the greatest common divisor of 9859 and 2188767013?
9859
Calculate the greatest common divisor of 12636 and 991458.
234
Calculate the highest common factor of 21475 and 61975.
25
Calculate the highest common divisor of 6603178 and 99619.
97
What is the greatest common divisor of 6403 and 175240?
337
Calculate the greatest common factor of 95223920 and 11568.
3856
Calculate the greatest common factor of 795417 and 45607.
773
What is the greatest common divisor of 150 and 144912375?
75
Calculate the highest common divisor of 5862 and 1398331250.
1954
What is the greatest common divisor of 357124 and 62012?
148
Calculate the greatest common divisor of 1832 and 169956472.
1832
What is the highest common divisor of 525 and 608153?
7
What is the greatest common divisor of 149699335 and 4005?
445
What is the highest common factor of 6370 and 50260?
70
Calculate the highest common divisor of 2008105 and 4807.
11
Calculate the greatest common factor of 2245 and 10966.
1
Calculate the highest common divisor of 23956515 and 9306.
99
Calculate the greatest common divisor of 3202275 and 675.
75
Calculate the highest common factor of 789004920 and 39267.
13089
Calculate the greatest common factor of 76610 and 11237230.
470
Calculate the highest common factor of 202579 and 104.
13
What is the greatest common factor of 1820 and 1869560?
140
Calculate the greatest common factor of 51309 and 30150.
9
Calculate the greatest common factor of 3815 and 5707785.
545
What is the highest common divisor of 72527462 and 5860?
586
Calculate the greatest common factor of 158705586 and 54.
18
Calculate the greatest common factor of 13836255 and 36675.
2445
What is the greatest common divisor of 1067856537 and 1111?
1111
What is the greatest common divisor of 28875 and 954030?
1155
What is the highest common factor of 37321425 and 25?
25
Calculate the greatest common divisor of 131489458 and 34.
34
Calculate the greatest common divisor of 198167 and 1166.
53
What is the greatest common divisor of 937921 and 4589?
353
What is the greatest common divisor of 8167 and 678048841?
8167
What is the highest common divisor of 225 and 437377725?
225
What is the greatest common divisor of 33786561 and 332?
83
Calculate the highest common factor of 4454 and 1352182.
262
Calculate the greatest common divisor of 5871492 and 1584.
396
What is the greatest common factor of 52 and 18259111?
13
What is the greatest common divisor of 1701 and 993874?
7
Calculate the greatest common divisor of 55214 and 56983754.
2906
Calculate the greatest common factor of 1556312 and 30872.
1816
Calculate the greatest common divisor of 494 and 1709318.
26
Calculate the greatest common divisor of 721357 and 123578.
91
What is the highest common divisor of 7923106 and 592?
74
Calculate the highest common factor of 924 and 2438051.
77
What is the highest common divisor of 10913 and 142668767?
1559
What is the greatest common factor of 525834 and 109254?
786
What is the highest common divisor of 10 and 6144862?
2
Calculate the greatest common divisor of 29713772 and 132.
44
What is the greatest common factor of 1975653891 and 1791?
1791
Calculate the greatest common divisor of 759795 and 177.
3
What is the greatest common divisor of 110709360 and 90?
90
Calculate the greatest common factor of 269740 and 1585.
5
Calculate the highest common factor of 1989 and 12942917.
13
What is the greatest common divisor of 53845988 and 140?
28
What is the highest common factor of 12422340 and 840?
420
What is the highest common divisor of 1754055 and 11866635?
8235
What is the highest common factor of 36 and 1759?
1
Calculate the greatest common factor of 1779 and 270413337.
1779
What is the highest common divisor of 4698 and 3656958?
174
Calculate the greatest common factor of 38175548 and 13429.
1033
Calculate the greatest common factor of 5940 and 873675.
495
What is the highest common divisor of 693 and 91511?
7
Calculate the greatest common divisor of 4692 and 4979844.
204
What is the highest common divisor of 422695 and 12935?
65
Calculate the highest common factor of 26892 and 29428.
4
Calculate the highest common factor of 79161910 and 2480.
310
What is the greatest common divisor of 444 and 5063709?
111
What is the highest common divisor of 876032 and 117056?
3776
Calculate the greatest common factor of 394336 and 896.
32
What is the greatest common divisor of 611950 and 2050?
50
What is the highest common divisor of 731731 and 1339?
13
What is the greatest common divisor of 22 and 91949660?
22
What is the greatest common factor of 1723537 and 2256?
47
What is the greatest common factor of 1247967 and 2821?
217
What is the highest common divisor of 7480888 and 8066?
218
What is the greatest common divisor of 545380 and 942623?
737
Calculate the highest common factor of 14983385 and 620.
155
Calculate the highest common divisor of 6 and 13014687.
3
What is the greatest common divisor of 21061797 and 1902?
951
What is the highest common divisor of 6333712 and 71?
1
What is the greatest common divisor of 126452 and 19796?
404
What is the highest common divisor of 82326753 and 54?
27
Calculate the greatest common factor of 1959643 and 5271.
7
Calculate the highest common factor of 18100 and 608884.
724
Calculate the highest common divisor of 808 and 29896.
808
Calculate the greatest common divisor of 360216 and 162.
18
What is the greatest common divisor of 232 and 35382668?
116
What is the greatest common divisor of 735 and 11907812?
7
Calculate the highest common divisor of 320285 and 9415.
35
Calculate the highest common factor of 28771763 and 118.
59
Calculate the greatest common divisor of 2368 and 86667616.
1184
What is the highest common factor of 153 and 1457274?
51
What is the greatest common divisor of 13051824 and 12432?
1776
Calculate the greatest common divisor of 333 and 61758513.
333
What is the highest common divisor of 37674 and 4449718?
4186
What is the greatest common factor of 159252 and 971428?
92
Calculate the greatest common factor of 1026 and 2333232.
54
What is the highest common factor of 1133095 and 69?
23
What is the greatest common factor of 4699444 and 4496?
1124
What is the highest common divisor of 53136 and 34128?
432
Calculate the highest common factor of 36582 and 3461094.
546
Calculate the greatest common divisor of 57292777 and 29.
29
Calculate the highest common divisor of 592 and 117611752.
296
Calculate the greatest common divisor of 5193 and 13073089.
577
Calculate the greatest common factor of 32804 and 1233069.
139
What is the greatest common factor of 23281 and 60853?
31
Calculate the highest common divisor of 32844 and 32706.
138
What is the greatest common divisor of 301 and 365323?
7
Calculate the greatest common factor of 968907 and 9.
3
What is the highest common factor of 6974 and 239304251?
317
Calculate the highest common factor of 866863671 and 4022.
2011
Calculate the greatest common factor of 88666988 and 556.
556
Calculate the highest common factor of 10855117 and 98.
49
What is the greatest common divisor of 10614 and 10144239?
183
Calculate the highest common divisor of 42251 and 54740.
23
What is the highest common factor of 5236 and 793268?
28
Calculate the greatest common factor of 26506 and 83915254.
914
Calculate the highest common factor of 15310889 and 209.
11
Calculate the greatest common divisor of 1319365 and 248055.
3595
Calculate the highest common factor of 255 and 5301297.
51
What is the highest common factor of 2773558488 and 246?
246
Calculate the highest common divisor of 14655 and 1178610.
15
Calculate the greatest common factor of 261266398 and 74.
74
Calculate the gre